6)/(-1)*-38. Suppose s = 3*f + 22. What is the remainder when 70 is divided by f?
16
Suppose 21 = 8*h + 5. Suppose -30 = -5*j - g, j - h*j + 2 = g. What is the remainder when (3/2)/(6/80) is divided by j?
6
Let j be 8/44 - (-2832)/33. Suppose 34 + j = 5*r. Let i(p) = -2*p - 7. Calculate the remainder when r is divided by i(-6).
4
Suppose 4*b + c + 155 = 912, 2*c = b - 178. Suppose 26 = t - 5*q, -t - 3*t + b = q. Calculate the remainder when t is divided by 10.
6
Suppose -2*j + 5*j - 9 = 0, -2*m + 405 = 3*j. What is the remainder when m is divided by 3 + (-9)/(((-9)/16)/3)?
45
Let d = 1247 + -827. Suppose -2*r + d = 3*r. Suppose -5*w + r = -w. Calculate the remainder when w is divided by 6.
3
Suppose 17*j - 5*j - 2136 = 0. Calculate the remainder when j is divided by 45.
43
Let o = 2330 + -1651. What is the remainder when o is divided by 17?
16
Suppose -23*p = -25*p + 650. Suppose -14*n - 31 = -p. What is the remainder when 61 is divided by n?
19
Let w = -1847 + 1874. What is the remainder when 971 is divided by w?
26
Let z(l) = 3*l**2 - 4. Calculate the remainder when z(-3) is divided by 4.
3
Suppose -11*f + 216 = -3*f. Suppose -4*y = -8*y - 3*o + 637, 2*o = y - 162. What is the remainder when y is divided by f?
25
Suppose -100*m + 1044 = -88*m. Let g = 2 - 0. Suppose g*t = 6*t - 88. What is the remainder when m is divided by t?
21
Suppose 3*c - 3*q - 6 = 0, 5*c + 3*q - 37 = -q. Let l be (-11)/55 + (-29)/c. Let d = 3 - l. Calculate the remainder when 34 is divided by d.
7
Suppose 6 = 4*w - 4*d - 74, -3*w = -5*d - 68. Let f = 95 + -66. What is the remainder when f is divided by w?
13
Let l = -46 - -83. Calculate the remainder when 217 is divided by l.
32
Suppose -4*v - 8 = 0, -3*o + v + v = -25. Suppose 40 = -o*q + 12*q. What is the remainder when 29 is divided by q?
5
Calculate the remainder when 45 is divided by 6/(-28)*-2 - 1020/(-70).
0
Let g(j) = -2*j**2 - 8*j + 33. Let o(u) = -5*u**2 - 24*u + 100. Let k(f) = -8*g(f) + 3*o(f). Calculate the remainder when k(11) is divided by 12.
9
Suppose 8 = -3*o + 5*o. Suppose 2*l + 10 = -g, g - 6*g + o*l - 22 = 0. Let u = g + 77. Calculate the remainder when u is divided by 25.
21
Suppose -2*k + 2 = -0. Suppose 3*t - 11 = k. Suppose 0 = -t*f + 4*z + 204, 4*z - 41 - 123 = -4*f. Calculate the remainder when f is divided by 12.
10
Let b(w) be the second derivative of -w**5/20 - w**4 - 17*w**3/3 - 11*w**2/2 - 18*w. Calculate the remainder when b(-9) is divided by 18.
16
Calculate the remainder when ((-1050)/49)/(1/(-14)) is divided by 19.
15
Let i = 101 + -54. Calculate the remainder when i is divided by -51 + 68 - (7 - 0).
7
Suppose 0 = k - 3*k + 24. Suppose 0 = v - 5*v + k. Suppose v - 9 = -2*s. Calculate the remainder when s is divided by 2.
1
Suppose -5*a = 0, -5*b + 140 = -2*a - 3*a. Calculate the remainder when 80 is divided by b.
24
Suppose 0*d + 5*l + 325 = 5*d, 5*l = 4*d - 264. What is the remainder when d is divided by 33?
28
Let r(h) = -h + 2. Let z be r(6). What is the remainder when 44 is divided by 410/35 - z/14?
8
Let d(q) = q**2 - 3*q + 51. Calculate the remainder when d(10) is divided by 22.
11
Let k(u) = 12*u**2 + 2*u + 1. Suppose -352 = -55*b + 693. What is the remainder when b is divided by k(-1)?
8
Suppose -3 - 13 = -2*d. Let k(u) = 11*u - 42. What is the remainder when 229 is divided by k(d)?
45
Let u(b) = 9*b - 7. Let l(h) = 8*h - 6. Let o(a) = -3*l(a) + 2*u(a). Calculate the remainder when 29 is divided by o(-2).
13
Suppose -x + 2*c + 82 = 0, -5*x - 4*c + 350 = c. Calculate the remainder when x is divided by 45.
29
Let c = -132 - 9. Let n = c + 199. What is the remainder when n is divided by 12?
10
Let c(y) = -y**3 - 3*y - 2. Suppose 0 = -b - 6*b + 245. What is the remainder when b is divided by c(-2)?
11
Let u(c) = -16*c**3 + c**2 - 9*c - 7. Calculate the remainder when 1429 is divided by u(-2).
142
Suppose 14 = -0*s + 3*s - 4*q, 4 = 5*s + 3*q. Suppose 43 = 5*w - 2*z, 37*z = -3*w + 38*z + 25. What is the remainder when w is divided by s?
1
Let u = -254 - -272. Suppose 0 = -6*a + 4*a + 138. What is the remainder when a is divided by u?
15
Suppose x + 7 = 4*w - 3, -14 = -2*w - 4*x. Suppose -5*q - w*k = -21, q + 2*k + 6 = -2*k. What is the remainder when 21 is divided by q?
3
Suppose 0 = -5*k - 5*w - 0*w - 5, 0 = -4*k + 4*w + 20. What is the remainder when k/10 + (-3 - 798/(-10)) is divided by 27?
23
Suppose -3*t = 2*w - 256, 2*w - 357 - 75 = -5*t. What is the remainder when t is divided by 51?
37
Suppose -3*k = -21 - 114. What is the remainder when k is divided by 16?
13
Suppose 0 = -69*l + 534 + 1329. Let j(t) = -3*t - 5. Calculate the remainder when l is divided by j(-5).
7
Let j be 3*(-5)/30*8. What is the remainder when 57 is divided by (j/3)/((-42)/945)?
27
Calculate the remainder when 56 is divided by 7 + 6 - -6 - 0.
18
Let x = -67 - -78. What is the remainder when 262 is divided by x?
9
Let u = 1912 + -1860. What is the remainder when 168 is divided by u?
12
Let m be 1/(4 + (-122)/30). Let l(p) = 3*p**2 + p - 1. What is the remainder when l(-3) is divided by -3 + -1 - (m + -1)?
11
Suppose -5 = -n, -2*n + 351 = 3*f + n. Suppose -362 = -9*b + 7*b. Let d = b - f. What is the remainder when d is divided by 24?
21
Let x = -1633 + 1668. Calculate the remainder when 342 is divided by x.
27
Suppose 0 = -2*r + 8, 3*y = 4*r + 13 - 2. What is the remainder when 197 is divided by (-98)/(-441) - 448*(-1)/y?
47
Suppose -6 = -8*u + 18. Let o = u - -11. Calculate the remainder when 68 is divided by o.
12
Suppose 9 = 5*j - 16. Suppose 0 = 2*p - 5*r - 84, -j*p - r = -2*p - 92. What is the remainder when p is divided by 17?
15
Let h = 1 + 7. Suppose -3*z - z = -h. Suppose 0 = -a + z*a - 42. Calculate the remainder when a is divided by 11.
9
Suppose 5*g - 234 + 9 = 0. What is the remainder when g is divided by 146/6 + (-15)/45?
21
Let x = -17 - -50. Let m(t) be the third derivative of -t**4/4 - t**3 - 22*t**2. Calculate the remainder when x is divided by m(-4).
15
Let s = 1883 + -1617. Calculate the remainder when s is divided by 88.
2
Suppose 2*p - 279 = -t - 103, -p + 2*t = -93. Suppose 5*b + 3*w = 155, 0 = 4*b - 2*w - 13 - p. Calculate the remainder when 54 is divided by b.
26
Let t = -152 + 276. Let a(k) = -2*k + 18. Calculate the remainder when t is divided by a(0).
16
Suppose -n - 10 = -3*n, n - 53 = -2*m. Suppose -39*b = -38*b + 3*r - 31, -24 = -4*r. Calculate the remainder when m is divided by b.
11
Let u = 438 - 328. Calculate the remainder when u is divided by 2.
0
Suppose 5*k - 12 - 68 = -5*o, k - 20 = -3*o. What is the remainder when 25 is divided by k?
11
Let i be (-105)/(-25) + (-1)/5. Suppose -2*l + i = -l. Calculate the remainder when 9 is divided by l.
1
Suppose -3*o - m + 265 = 0, 2*m + 166 = 13*o - 11*o. Calculate the remainder when 277 is divided by o.
16
Let b(i) = -19*i**3 + 3*i**2 + 3*i + 3. Let k be b(3). Suppose 3*j - x + 6*x = -95, 5*x = -j - 35. Calculate the remainder when 42 is divided by k/j - 4/5.
12
Suppose -68*n = -32*n - 4032. What is the remainder when n is divided by 9?
4
Let g(f) = -2*f + 5. Suppose 2*l + 31 = -5*m, 0*l = -5*m + l - 22. Calculate the remainder when g(m) is divided by ((-24)/(-9))/((-2)/(-3)).
3
Let j(g) = g**3 - 3*g**2 + g + 15. Let i(m) = 4*m + 2. Let n be i(4). Calculate the remainder when j(4) is divided by 1/((-1)/n*-2).
8
Let a(q) = 23*q - 108. What is the remainder when a(10) is divided by 41?
40
Let h = 41 + -26. Suppose -9*c + h = -6*c. Calculate the remainder when c is divided by 3.
2
Let i(y) = y**2 - y - 2. Let t be i(0). Let u be 4 - ((-51)/(-3) - t). Let o = u + 18. What is the remainder when 7 is divided by o?
1
Let n = 51 + -46. Let d(r) = -r**2 - 11*r - 1. Calculate the remainder when d(-2) is divided by n.
2
Suppose -54 - 86 = -5*g. Suppose 2*b + 0*t = t, -3*t = 2*b. Suppose b = 3*j + 1 - g. Calculate the remainder when j is divided by 6.
3
Suppose -26*o = -21*o - 60. Suppose 7*r - o = 6*r. Calculate the remainder when 83 is divided by r.
11
Let a(o) = -o**3 - 12*o**2 - 11*o + 11. Let w be a(-11). Suppose 75 = 3*i - 12. What is the remainder when i is divided by (-15 + w)/(1/(-2))?
5
Suppose 18 = -0*d + 3*d. Suppose 22*w - 5585 + 349 = 0. Suppose -x = d*x - w. Calculate the remainder when x is divided by 18.
16
Suppose 3*d